lculate the remainder when 11 is divided by v(4).
5
Let u = -73 - -140. What is the remainder when u is divided by 14?
11
Let l = 4 - -2. Let p(o) = -o**3 + 6*o**2 + 4*o - 3. Calculate the remainder when 41 is divided by p(l).
20
Suppose s = -5, k = 3*s - 7*s - 15. Suppose -k*v + 15 + 5 = 0. Calculate the remainder when v is divided by 3.
1
Suppose 5*l + 6*l - 913 = 0. Let n = -3 + 31. What is the remainder when l is divided by n?
27
Let q(j) = 2*j**2 + 2*j - 1. Let x(w) = w + 6. Calculate the remainder when x(3) is divided by q(1).
0
Let h be (-38)/5 - (-10)/(-25). Let k(i) = 2*i + 38. Let l(z) = z + 13. Let j(r) = 3*k(r) - 8*l(r). What is the remainder when j(h) is divided by 14?
12
Let d = 11 + -8. Suppose -8*p = -d*p - 155. Let s(b) = 8*b + 3. Calculate the remainder when p is divided by s(1).
9
Suppose -10 = -c - 3*q, -5*c + 50 = 2*q - 4*q. Calculate the remainder when (c/(-8))/((-3)/60) is divided by 9.
7
Suppose -2*p + 55 = r, -5*r - 3*p = -7*r + 89. What is the remainder when 243 is divided by r?
47
What is the remainder when (-159)/(-4) - ((-138)/(-24) + -5) is divided by 14?
11
What is the remainder when (0 - 4/6)/(2/(-81)) is divided by 15?
12
Let h(d) = -d**3 + 3*d**2 + d - 1. Let i(b) = b**2. Let v(k) = h(k) - 5*i(k). What is the remainder when 2/(-6) + 172/12 is divided by v(-3)?
4
Let b(l) = -3*l + 6. Let w be b(4). Calculate the remainder when (w/(-18))/(1/69) is divided by 14 + -2 + -1 + 1.
11
Suppose -4*h - 2*h = -228. Calculate the remainder when h is divided by 10.
8
Let j = -3 + 3. Suppose 5*q - 2*v - 88 = j, 5*q - 146 = v - 57. Let c = 126 + -74. What is the remainder when c is divided by q?
16
Let g be (4 + -2)*(-3)/6. Let w = 28 + g. Calculate the remainder when 79 is divided by w.
25
Let m be (-6 + -20)*(-1)/2. Suppose -w + m = -7. Suppose 3*j = -5*r + j + 205, 4*j + 136 = 4*r. Calculate the remainder when r is divided by w.
19
Suppose -2*n - 2*j - 18 = 0, j - 51 = 2*n + 2*n. Let o(s) = -s**3 - 11*s**2 + 10*s - 17. Calculate the remainder when 32 is divided by o(n).
4
Let n(p) = 64*p**3 + p**2 - 4*p + 4. What is the remainder when n(1) is divided by 6?
5
Let z be 2/(-8) + (-418)/(-8). Suppose -p = -10*p + 45. Suppose 4*u = -3*k + z, p*k + 3*u - 8*u = 40. What is the remainder when k is divided by 7?
5
Suppose 156 = 4*j + 2*j. What is the remainder when j is divided by 10?
6
Let u(o) = -o**2 + 2*o + 3. Let w be u(3). Let m(z) = -z**2 - z + 5. Calculate the remainder when (2/(-4))/(1/(-26)) is divided by m(w).
3
Calculate the remainder when 23 is divided by (3 + -2)/((-2)/(-16)).
7
Let x = 25 - 13. Suppose 105 = -3*b + 6*b. What is the remainder when b is divided by x?
11
Let u(z) = z**2 - 3*z. Calculate the remainder when 52 is divided by u(-3).
16
Calculate the remainder when (-2 - (-1 + -4)) + 93 is divided by 14.
12
Let f(o) = o**3 + 8*o**2 - o + 1. Let s be f(-8). What is the remainder when 3 is divided by 1/((-3)/s) - -5?
1
Let p(o) = o + 2. Suppose 0 = -4*j - 4*m - 12, -4*m = 4*j - 3*m + 3. Let v = j + 14. Calculate the remainder when v is divided by p(3).
4
What is the remainder when 2 is divided by (8/2 - 0)/2?
0
Suppose -h + 38 = -5*g, -5*h + 2*h + 37 = -4*g. Let d = g + 3. Calculate the remainder when 30 is divided by (d/10)/(1/(-40)).
14
Let w = -2 + 4. Suppose 10 = 3*b + w*b. Suppose 4*f + 84 = 2*l, -5*l + 7*f + 235 = b*f. What is the remainder when l is divided by 18?
16
Suppose s - 2*p - 53 = 0, 6*p = -s + 3*p + 68. What is the remainder when s is divided by 15?
14
Suppose 10 = 3*c - 2. Calculate the remainder when 5 is divided by c.
1
Let c = -5 + 8. Suppose -30 = 5*j + c*f, -2*j + f = 4*f + 12. What is the remainder when 9 is divided by 16/3 - (-2)/j?
4
Suppose 202 = 4*r + 5*h, 3*r + 2*h - 65 - 90 = 0. Let n = -27 + 45. Calculate the remainder when r is divided by n.
17
Let z(k) = 16*k**2 - k + 7. Calculate the remainder when z(2) is divided by 14 - -1*0/2.
13
Let s(w) = -8*w**2 + w**3 - 8 + 0*w + 4*w - 2*w. What is the remainder when 31 is divided by s(8)?
7
Calculate the remainder when (-130)/(-3) - 4/(-6) is divided by 15.
14
Suppose -3*m = 5*r - 254, 2 = -3*m + 11. Calculate the remainder when r is divided by 19.
11
Suppose -10 - 1 = n + 3*f, 3*f + 31 = -5*n. Let y(v) = v**2 + 4*v + 4. Let k be y(-3). Calculate the remainder when 6 is divided by 4/(-6)*(n - k).
2
Calculate the remainder when 32 is divided by (2 + -2)/(-3) + 9.
5
Let d(c) = c**3 - 20*c**2 - 18*c - 52. Let n = 6 + 0. Calculate the remainder when d(21) is divided by n*2*1/2.
5
Let f(t) = -t**3 + 9*t**2 - 6*t - 13. What is the remainder when f(7) is divided by 23?
20
Let c(j) = -3*j + 1. Let g = 1 - 2. Calculate the remainder when 7 is divided by c(g).
3
Let v(s) = -s**3 - s**2 - 2*s - 9. Let g = -2 + 8. Calculate the remainder when v(-3) is divided by g.
3
Suppose 0*y - 3*y - 3*c + 147 = 0, 3*c - 53 = -y. Calculate the remainder when y is divided by 8.
7
Suppose 20*a - 22*a = -18. What is the remainder when 76 is divided by 26/2 - (a - 9)?
11
Let j(l) = -7*l - 44. What is the remainder when j(-10) is divided by 17?
9
Let x = -38 + 62. Suppose a - x = 4*a. Let j = 10 + a. Calculate the remainder when j is divided by 2.
0
Suppose -d + 5*k + 105 = 4*d, 5*d + k = 93. Suppose q = d + 14. Calculate the remainder when q is divided by 9.
6
Let x be ((-2)/(-3))/(2/9). Suppose y + x = 8. Let h = -4 - -12. Calculate the remainder when h is divided by y.
3
Let n = -67 - -95. Suppose -2*x + 25 + 25 = -w, x + w - n = 0. Calculate the remainder when 77 is divided by x.
25
Let o be ((-2)/(-3))/(2/24). Let m(b) = -b**2 + 8*b + 9. Calculate the remainder when 33 is divided by m(o).
6
Let n = 3 + 0. Suppose -21 = n*s - 96. What is the remainder when s is divided by 7?
4
Suppose 4*p + w - 73 = -2*w, 4*p - 75 = -w. Calculate the remainder when 75 is divided by p.
18
Let a(m) = 7*m**3 + m**2 - 5*m - 5. Let f be a(-2). Let g = 74 + f. Calculate the remainder when g is divided by 14.
13
Suppose 2*c - 5*b = 26, -4*b + 41 = 3*c + 2. Suppose -11 = -4*p + 37. Suppose -5*f + p = -23. Calculate the remainder when c is divided by f.
6
Let q(x) = x**3 - x**2 + x + 20. Let c be q(0). Suppose 0 = -4*g - c, 5*b + 0*g - g = 90. What is the remainder when 50 is divided by b?
16
Suppose -s + 0 = -17. What is the remainder when 32 is divided by s?
15
Suppose -6*n = -n. Suppose -3*l + 51 = q, 5*l + n*q - 85 = 3*q. Let a(k) = k + 9. What is the remainder when l is divided by a(0)?
8
Let z(u) = u**3 + 4*u**2 - 5*u. Let s(o) = -2*o**3 - 7*o**2 + 10*o - 1. Let f(v) = -2*s(v) - 5*z(v). Calculate the remainder when 45 is divided by f(-7).
13
Let y(k) = -6*k**2 + 3*k - 9. Let g(l) = -5*l**2 + 4*l - 8. Let n(d) = -4*g(d) + 3*y(d). Calculate the remainder when 59 is divided by n(5).
19
Let w = -94 + 154. Suppose -n = n + v - 40, 3*n = -3*v + w. What is the remainder when 38 is divided by n?
18
Suppose 0 = x + 2*b - 7, 4*x = -0*b + 2*b + 78. What is the remainder when x is divided by 6?
5
Let a = 0 + 2. Calculate the remainder when (100/(-8))/(-5)*2 is divided by 0 + a/(0 - -1).
1
What is the remainder when 27 is divided by 6/4 - 44/(-8)?
6
Suppose v + 7 = d, -5*v - 16 + 91 = 5*d. Calculate the remainder when 18 is divided by d.
7
Let p = -84 - -158. Calculate the remainder when p is divided by 39.
35
Let o = 5 + -14. Let s = -153 + 159. What is the remainder when (-2)/(-3)*3 - o is divided by s?
5
What is the remainder when (-21)/(-15) - 1 - 840/(-25) is divided by 9?
7
Let j(u) = 11*u**3 - u**2 - u + 1. What is the remainder when 17 is divided by j(1)?
7
Let t(q) = -q**3 - 3*q**2 - 3*q - 5. Let l be t(-5). Let w = 24 + -22. Suppose 0*o = w*o - l. What is the remainder when o is divided by 11?
8
Let a(f) = -9*f + 7*f + 5 + 2. Calculate the remainder when 60 is divided by a(-7).
18
Suppose -2*y + p = 2*y - 18, y + p - 2 = 0. Let l = y - -13. What is the remainder when 49 is divided by l?
15
What is the remainder when (296/(-20) - -4)*-5 is divided by 19?
16
Let q(w) = w**3 + 5*w**2 - 5*w + 5. Let g be q(-6). Let o = 11 - 3. Calculate the remainder when (-11)/(g/2 - 0) is divided by o.
6
Suppose -3*u - 7 = s + 7, -3*s + 5*u = 0. Let g = s - -7. Calculate the remainder when 4 is divided by g.
0
Suppose 0*a = -n - a + 57, 3*a - 230 = -4*n. What is the remainder when n is divided by 3